s the tens digit of (-15)/(-6)*1*14?
3
Suppose 3*v + 4 = 1. Let h = 23 + v. Suppose h = 3*t - 17. What is the tens digit of t?
1
What is the units digit of 64/(-10)*(-8 + 5 - 2)?
2
Let u = 3 + 3. Let g be u*(-1)/(2 + -1). What is the units digit of (-2)/6*(g + -6)?
4
Suppose 6*q = 3*q + 9. Let g be (2 - 3)*8/(-1). Suppose g*k = q*k + 60. What is the units digit of k?
2
Let n(u) = -200*u - 7. What is the hundreds digit of n(-1)?
1
Suppose 4*v + 140 = -0*v. Let u = v - -23. Let l = -6 - u. What is the units digit of l?
6
Let a = 93 + -42. What is the units digit of a?
1
Let t(d) = d**2 + 2*d + 11. What is the tens digit of t(-11)?
1
Let s(z) = 56*z**2 + z + 1. Let d be s(-1). Suppose i - 5*i = -d. What is the units digit of i?
4
Let d = 93 - 52. What is the tens digit of d?
4
Suppose -9 = -4*r - 1. Suppose 28 = 4*j - r*j. What is the tens digit of j?
1
Let q be (-6)/(-15) + 18/5. Let p be (2/q + 1)*-6. Let m = -6 - p. What is the units digit of m?
3
Suppose 0 = 6*c - 4*c + 22. Let b(g) = -6*g - 20. What is the tens digit of b(c)?
4
Let x = 70 + -49. Let w = x + -15. What is the units digit of w?
6
Let a(b) = 3*b**2 - 3*b - 1. Let t = 12 + -6. Let f = t - 3. What is the tens digit of a(f)?
1
Let a = -5 + 7. Suppose 0 = a*h + 5*z + 11, -5*z + 12 = 37. Let b = 15 - h. What is the units digit of b?
8
Let y be ((-2)/6)/(1/(-6)). Let i be (-117)/6*8/(-6). Suppose y*m + i = 5*l, -3*l + 14 = m - 6. What is the units digit of l?
6
Let o be -7*(-2)/(-4)*-2. Suppose 3*c + 2*d - 2 = 5, 4*c = -5*d + o. What is the units digit of 100/15 + (-2)/c?
6
Let p(n) = 64*n**3 - 2*n**2 + n + 1. What is the tens digit of p(1)?
6
Suppose 3*t + 78 = 6*t. What is the tens digit of t?
2
Let a(h) = -10*h + 5. What is the tens digit of a(-2)?
2
Let z(i) = -i**3 - 4*i**2 - 2*i. Let b be z(-3). Let n = 2 + 5. Let v = n + b. What is the units digit of v?
4
Suppose -32 = -5*w + 28. Let i = -7 + w. Let u = i + -1. What is the units digit of u?
4
Suppose 0 = 9*i - 3*i - 12. What is the units digit of i?
2
Suppose 4*d = 1 + 15. Suppose 22 = -d*q + 6*q + 2*a, -4*q - 5*a + 44 = 0. Let r = q - 7. What is the units digit of r?
4
Let u = -4 + 46. What is the tens digit of u?
4
Let i = 68 - -26. What is the units digit of i?
4
Suppose -n = -112 - 218. What is the tens digit of n?
3
Let a = 34 - 21. Suppose 0 = -2*y - 8, -a - 67 = -3*b + 2*y. What is the units digit of b?
4
Let h(n) = 2*n - 7. Let b be h(-7). What is the units digit of 20/3 + 14/b?
6
Suppose -a - 117 = -2*s, -5*s - 3*a = -7*a - 285. What is the tens digit of s?
6
Suppose 5*k - 1029 = -4*u, 3*k + 3*u + 639 = 6*k. What is the units digit of k?
9
Suppose -151 = -4*c + x - 2*x, -3*c - 3*x = -111. What is the tens digit of c?
3
Let f be (2/(-3))/(4/(-30)). Suppose f*k = -0*k + 30. What is the units digit of k?
6
What is the tens digit of (226/4 + 0)/((-3)/(-6))?
1
Suppose 2 = 3*d - 4. Suppose -3*x - 3*m + 21 = 0, 7*x - 5*m - 5 = d*x. What is the units digit of x?
4
Suppose 0 = c - 3*j + 12, -5*j + 12 = -3*c - 4. Suppose b - z + 16 = c*b, -4*b - z = -28. What is the units digit of b?
6
Suppose 4*t - j = j + 726, 3*j + 537 = 3*t. What is the tens digit of t?
8
Let n(b) = -b + 1. Let p be n(-5). Suppose -l + 0 + p = 0. Suppose -2*m - 2*r + l*r = -38, -2*m + 34 = -2*r. What is the tens digit of m?
1
Let i(r) = -r**3 - 10*r**2 - 5*r + 11. What is the units digit of i(-10)?
1
Let l be 1/3 - 85/(-15). Let z(u) = u**2 - 7*u + 4. Let c be z(l). Let g = 13 + c. What is the tens digit of g?
1
Let w(g) = g**3 - 13*g**2 - 2*g + 7. Let m be w(13). Let y = m - -25. What is the units digit of y?
6
Let s(c) = c**2 - c + 40. Let v be s(0). What is the tens digit of (-5)/(v/(-28))*14?
4
Let a(r) = r + 6. Let y be a(-8). Let b(q) = -3 - 2*q - 2*q**2 + q**2 + 2*q**2. What is the units digit of b(y)?
5
Suppose 2*k - 5*v - 9 - 13 = 0, -2*k - 4*v - 14 = 0. Let u = 10 - k. What is the units digit of u?
9
Let m(q) = 5*q**2 - 7*q + 6. What is the tens digit of m(4)?
5
Let b = -113 + 159. What is the units digit of b?
6
Let i = 5 + 10. Suppose -6*c = -c - i. What is the units digit of c?
3
Let u = -5 - -5. Suppose 4*x - 24 - 28 = u. What is the tens digit of x?
1
Let b = -420 - -758. What is the hundreds digit of b?
3
Suppose 3*n - n - 2 = 2*x, -7 = 2*n + x. Let s be (n/(-4))/(3/18). Suppose -3*m = -s - 0. What is the units digit of m?
1
Let m = 44 - 20. Suppose f = -f + m. What is the units digit of f?
2
Suppose -h - 64 = -3*h. Let j = h - -10. What is the units digit of j?
2
What is the units digit of (-2)/6 + 8/6?
1
Suppose -2*l + 153 = -l. What is the tens digit of l?
5
Suppose 2*u = -8, -22 + 144 = 5*w - 3*u. Let x = 70 - w. What is the units digit of x?
8
Suppose a = -4*k - 3 + 18, -4*a + 5*k = 45. What is the units digit of (9/a)/((-4)/20)?
9
Let i(p) = -p**2 - 5*p. Let b be i(-4). Suppose 3*d = 4*w - 59, 4*w + d = -b*d + 19. What is the units digit of w?
1
Let m be (-8)/(-5)*(-20)/(-8). Suppose -m*t + 2*l + 4 = -0, 0 = -5*t + 4*l - 1. What is the units digit of t?
3
Let u(r) = -r + 5. Let n be u(11). Let s(d) = -5*d + 9. Let j(k) = 14*k - 26. Let p(w) = 6*j(w) + 17*s(w). What is the units digit of p(n)?
3
Suppose -2940 = -6*z - 9*z. What is the hundreds digit of z?
1
Let j = 25 + -7. What is the units digit of 249/27 - 4/j?
9
Let m(u) be the third derivative of -u**4/24 + 2*u**3/3 + 2*u**2. Suppose 6 + 8 = 5*j + n, 0 = j - 2*n - 5. What is the units digit of m(j)?
1
Let y(v) be the first derivative of v**2/2 - 3*v + 2. Let l be y(5). Suppose -2*h - 5*d + 14 = 0, -5*h + 6*d - l*d + 35 = 0. What is the units digit of h?
7
Let m(i) = 3*i**2 + 19*i + 19. Let s(u) = -2*u**2 - 13*u - 13. Let a(w) = 5*m(w) + 7*s(w). Let n be a(-4). Suppose 35 = n*p + p. What is the units digit of p?
7
Let g(n) be the first derivative of n**3/3 + 3*n**2 + 4*n + 3. Let o be g(-4). What is the units digit of (o + 3/1)/(-1)?
1
Let i(g) = -g + 8. Let v be i(8). Let k be 1 - v - 8 - -1. Let m(y) = -y. What is the units digit of m(k)?
6
Let v(t) be the second derivative of -7*t**3/6 - t**2 - 3*t. What is the tens digit of v(-2)?
1
Suppose 0 = 2*g - g + 5. Let t = 9 + g. What is the units digit of t?
4
What is the tens digit of (332/16)/(1/4)?
8
Let u = 9 + -5. Suppose -19 = -u*t - 2*d + 47, 78 = 5*t + d. What is the tens digit of t?
1
Suppose 10 = 2*m - 3*m - 3*h, 3*m + h - 2 = 0. Suppose m*v - 14 = 5*n, v = -0*v - 3*n + 29. Let t = v + -1. What is the units digit of t?
6
Suppose 4*n + 6*n = 840. What is the tens digit of n?
8
Suppose 2*g - 80 + 18 = -5*x, -44 = -4*x - 3*g. Let n(k) = k - 13. What is the units digit of n(x)?
1
Let u be (-2)/(-8) + (-1)/4. Let p be (1 - u)/((-2)/(-6)). Suppose -2 = h - p. What is the units digit of h?
1
Let i(z) = -z**2 - z + 15. Let f(w) = w**2. Let n be f(0). What is the units digit of i(n)?
5
Suppose 207 = 5*i - 2*i - 3*o, -4*o + 126 = 2*i. What is the units digit of i?
7
Let p = 127 - 49. What is the units digit of p?
8
Let c(r) = r**3 + 15*r**2 + 12*r - 18. What is the tens digit of c(-13)?
6
Let c = -23 - -24. What is the units digit of c?
1
Suppose 24 = -j - 3*j. Let m(l) = l**3 + 7*l**2 - 4. What is the units digit of m(j)?
2
Let q = -29 - -49. Suppose q - 107 = -3*d. What is the units digit of d?
9
Let m(q) = q**2 + 7*q + 6. Let f(o) = -o**2 - 5*o - 7. Let r = 6 - 11. Let g be f(r). What is the units digit of m(g)?
6
Let m = 111 - 11. What is the hundreds digit of m?
1
Suppose 0 = 4*p - 3*t - 10 - 134, -180 = -5*p + 3*t. Let w = p - 24. What is the tens digit of w?
1
Let d = 7 + -6. Let p be (0 + 3)/d*1. Suppose 2*m = -p*m + 35. What is the units digit of m?
7
Let x(p) = -p**3 - 13*p**2 - 4*p + 13. What is the tens digit of x(-13)?
6
Let u = -7 + 107. Suppose 0 = -5*k - 5*t + u, -3*t - 2*t + 28 = k. What is the tens digit of k?
1
What is the units digit of (-18)/8*(-9)/((-54)/(-16))?
6
Let v(c) = -c**3 - c**2 + 17. Let a be v(0). Let j = a + -16. What is the units digit of j?
1
Let o be (-49)/(-28)*(-5 + 1). What is the tens digit of (1 - o)*(-10)/(-8)?
1
What is the units digit of -3*(-16)/(-36)*-12?
6
Let m = 1 + 1. What is the units digit of m?
2
Let i be (-1)/(-2) - 2/4. Suppose i = 3*k - 4*o - 33, 3*k - 44 = -k + o. Let f = k - 2. What is the units digit of f?
9
Let y(m) = 5*m**3 - m**2. Let b be y(-1). Suppose 12 = 4*s - 4. W